factors of a(-4).
17, 109
List the prime factors of (48/14 - 3) + (-167948)/(-154).
1091
Let q(p) = -2*p - 22. Let h be q(-13). Suppose -x - h = -26. What are the prime factors of x?
2, 11
Suppose -5*j = 2*p - 2522 - 1102, 5*p + j - 9014 = 0. What are the prime factors of p?
2, 17, 53
Let y be 2/2*(17 + -7). Let s = 22 - y. Let w = s + -9. List the prime factors of w.
3
Let v be 54/(-15) - (-4)/(-10). Let y(l) = -l**2 + 5*l - 18. Let n be y(4). What are the prime factors of v/n - 159/(-7)?
23
Let d = -24 + 23. Suppose -2 = l - x - 0, -3*l + 18 = 3*x. What are the prime factors of d/((-2)/l)*7?
7
Let o = -598 - -2261. What are the prime factors of o?
1663
Suppose 0*z = -8*z. Suppose -j - b + 82 = -z*b, 3*j - b = 262. Suppose 4*o - 258 = -j. List the prime factors of o.
43
Let d(o) = -o**3 - 15*o**2 - 3. Let p be d(-15). List the prime factors of 2/(p - (-375)/123).
41
Let h(k) be the first derivative of 3*k**2/2 + 4*k + 4. Let b be h(4). What are the prime factors of b/7 - (-10)/(-35)?
2
Suppose -149*q + 108*q = -147559. What are the prime factors of q?
59, 61
Suppose h + 0 - 2 = 0. Suppose -m + b + 69 = 0, -h*b + 5*b + 12 = 0. List the prime factors of m.
5, 13
Let q = -27 + 29. Suppose 4*g + q*x + 8 = -3*x, 0 = -3*g + x + 13. Suppose 0*v = 3*j + 2*v - 68, 2*j + g*v - 42 = 0. List the prime factors of j.
2, 3
List the prime factors of (16 + 104)*((-1)/(-1) + 2).
2, 3, 5
What are the prime factors of (860/25)/((-3)/(3825/(-10)))?
2, 3, 17, 43
Let c be (-8)/(-10)*225/(-30). List the prime factors of 324 + c/(-12)*-6.
3, 107
Let p(a) = 15*a**2 + 125*a + 23. What are the prime factors of p(-12)?
683
Suppose 5*r + 22 = -2*p, -r - 7*p + 2*p + 14 = 0. Let h(x) = -4*x + 6. Let f(v) = -1. Let y(z) = -10*f(z) + h(z). What are the prime factors of y(r)?
2, 5
Let f = -795 + 1133. What are the prime factors of f?
2, 13
Suppose 5*w - 2*p = -19, -6*p = 4*w - p + 2. List the prime factors of 405/w*3/(-5).
3
Suppose 4*d - 208 = -3*r, 4*r - 273 = -0*r - d. Let u be -35*((-2)/7 - 45/(-35)). Let o = r + u. List the prime factors of o.
3, 11
Let v = 705 + -104. List the prime factors of v.
601
Let m(j) = 23 + 10238*j - j**3 - 7 - 10238*j + 13*j**2. Let c be 2*-1*13/(-2). What are the prime factors of m(c)?
2
Let d = -415 - -267. Let k = -109 - d. List the prime factors of k.
3, 13
Let z be ((-8)/(-2))/(-16)*-36. List the prime factors of 4 - z/3 - -34.
5, 7
Suppose 0 = -3*y + 5*z + 10, -4 = -y + 5*y + 2*z. Suppose 6*n + y*n - 204 = 0. What are the prime factors of n?
2, 17
Let r = 7 - 4. Suppose -2*b + 21 = 3*a - 0*a, -4*a + 11 = -r*b. List the prime factors of b.
3
Suppose 14977 - 841 = 24*y. What are the prime factors of y?
19, 31
Let v(u) = u**3 - 7*u**2 + 6*u + 5. Let o be (6/15 + 0)*15. Let q be v(o). Suppose -q*p + 155 = -0*p. List the prime factors of p.
31
Let q = 77 - 51. Let l = q + 10. Suppose 6*x + 0 = l. What are the prime factors of x?
2, 3
Let n(d) = 30*d + 49. List the prime factors of n(52).
1609
Let s(c) = -c**3 - 9*c**2 - c - 5. Let i be s(-9). Suppose -6*b = -i*b - 10. Suppose 0 = -b*d - r + 212, 2*r - 10 = -3*r. List the prime factors of d.
2, 3, 7
Let l be (-3)/(((-1)/5)/1). Suppose -4*g + 3*g = -5*u + 15, -5*u = -l. Suppose -k - 5*r = -43, -3*k + 2*r - 5*r + 81 = g. What are the prime factors of k?
23
Suppose -5*w - 2*y = -y - 1008, -2*w + 2*y = -396. List the prime factors of w.
3, 67
Let i be 178/3*9/6. Let g = i - -43. Suppose -5*t = -t - g. List the prime factors of t.
3, 11
Let w = -212 - -86. Let d = -50 - w. List the prime factors of d.
2, 19
Let b(h) be the third derivative of -5/24*h**4 + 1/120*h**6 - 5*h**2 - 1/2*h**3 + 0 + 0*h + 1/15*h**5. List the prime factors of b(-4).
17
Let o = 129 - 57. Suppose 0 = -3*q - 15 + o. List the prime factors of q.
19
Suppose 3*c - 68 = c. Let f = -3 + c. Suppose -4*p + f + 61 = 0. List the prime factors of p.
23
Suppose 1919 = 2*w + v, 15*w - 12*w - 2891 = -4*v. List the prime factors of w.
3, 11, 29
Suppose 0 = 2*r - 5*f - 728 - 409, f = 2*r - 1157. List the prime factors of r.
7, 83
Suppose 3*z - 2622 = v, 0 = -10*z + 8*z + 2*v + 1752. List the prime factors of z.
3, 97
Let g = 112 + -34. Suppose -w = -38 - g. Suppose 0 = -3*v + 7*v - w. List the prime factors of v.
29
Let s be -1 + (-52)/(-14) + (-12)/(-42). Let m be -9*32/6*-1. Suppose s*o = m + 9. What are the prime factors of o?
19
Let y(f) = -113*f - 97. List the prime factors of y(-14).
3, 5, 11
Suppose -3*w = d - w - 9, 10 = 5*w. Suppose 0*o - d*o = -265. What are the prime factors of o?
53
Let p(f) = -10*f + 312. What are the prime factors of p(23)?
2, 41
Suppose 25 = 5*a, 0*a - 18 = n - 3*a. Let q(t) = -10*t - 1. Let i be q(n). Suppose -m + i = -3*h, 0*m = m - 4*h - 30. List the prime factors of m.
2, 13
Suppose 3*g + j + 118 = 0, 2*g + 35 = 2*j - 49. Suppose -4*f - 2 = -c - 13, -24 = -4*c - f. Let b = c - g. List the prime factors of b.
3, 5
Suppose 628 - 1640 = -2*s. List the prime factors of s.
2, 11, 23
Let l = 57 - 20. List the prime factors of l.
37
Suppose j = -4*x + 2067, 2*x - 4116 = -22*j + 20*j. List the prime factors of j.
3, 5, 137
Suppose 5*p - 20 = 3*n, -6*p + 8 = -4*p - 4*n. Let x(g) be the first derivative of -g**3/3 + 7*g**2/2 - 1. List the prime factors of x(p).
2, 3
Let v = 1383 + -858. List the prime factors of v.
3, 5, 7
Let q(h) = -h**3 - h**2 - 9*h - 3. What are the prime factors of q(-4)?
3
Let v(a) = 4*a**2 + 8*a + 3. Let f be (-4)/(-5) - 36/(-30). Let i be (-10)/20 + (-9)/f. List the prime factors of v(i).
3, 7
Let t = 12 - 27. Let m = -77 - t. Let n = -27 - m. What are the prime factors of n?
5, 7
Let j(f) = 2*f**3 - 31*f**2 + f + 26. List the prime factors of j(16).
2, 149
Suppose -23*g = -44*g + 96747. List the prime factors of g.
17, 271
Suppose 0 = 2*o - h - 15, 6*o = 3*o - h + 20. List the prime factors of o.
7
Suppose -164*g + 159*g + 2*m = -2733, g = 2*m + 545. List the prime factors of g.
547
Let m(l) = -l**3 + 32*l**2 + l - 65. List the prime factors of m(27).
3607
Suppose -4*r + 286 + 1798 = 0. List the prime factors of r.
521
Let n(r) = 23*r - 6. Let p = -11 + 5. Let a be n(p). Let u = -85 - a. What are the prime factors of u?
59
Let p(b) = -b - 1. Let c be p(-1). Suppose c = -l + 16 + 20. List the prime factors of l.
2, 3
Let f(a) be the second derivative of -a**5/20 - a**4/12 + a**3/2 - a**2/2 + 2*a. Let g be f(3). Let o = g - -59. List the prime factors of o.
31
Suppose -3*u = -23 + 59. Let y = u - -16. Let n(c) = c**2 - 3*c + 3. List the prime factors of n(y).
7
Let q be (1/(-5))/(1/5). Let i = q + 25. List the prime factors of i.
2, 3
Suppose 0 = 4*g - 5*g + 4587. List the prime factors of g.
3, 11, 139
Let u(d) = 189*d**2 + 77*d + 343. Let n(q) = -5*q**2 - 2*q - 9. Let f(t) = -77*n(t) - 2*u(t). What are the prime factors of f(-4)?
7, 17
Suppose -6*d = -22*d + 15856. List the prime factors of d.
991
Suppose 9127 = 3*x - 5*p, -42*x - 6073 = -44*x + p. List the prime factors of x.
2, 37, 41
Suppose -i + 1 + 1 = 0. Suppose i*t - 1 = 1. Let g(h) = 14*h - 1. List the prime factors of g(t).
13
Suppose -10332 = -22*d + 14286. List the prime factors of d.
3, 373
Let m = 1 - -3. Suppose 2*j - 4 = o, 4*o + 2*j - 2 = 2. Suppose -4*d - m*v + 161 + 87 = o, 0 = 5*d + 3*v - 310. What are the prime factors of d?
2, 31
Let d(u) = -115*u - 813. List the prime factors of d(-32).
47, 61
Suppose -2*y - 5*p - 38 = 0, -2*p + 2 - 1 = -y. Let r be (112/(-12) - 0)*y. Suppose 0 = -2*t + a - 2*a + 47, r = 3*t - 3*a. List the prime factors of t.
5
List the prime factors of 71103/24 - (-180)/480.
2963
Suppose 2*s + d - 11 = 0, -s - 4*d = -5*s + 4. Suppose 0*x + 95 = k + 3*x, -5*k + 380 = -s*x. What are the prime factors of k?
2, 5
Let q(n) = 3*n**2 - 5*n + 4. List the prime factors of q(16).
2, 173
Let l(w) = -2*w - 8. Let i be l(-8). Let p(a) = 4*a + 9. Let n be p(i). Let m = n - 21. What are the prime factors of m?
2, 5
Let k be ((-318)/4)/((-33)/(-44)). List the prime factors of k*((-36)/8)/9.
53
Let x(p) = -p**3 + 2*p**2 + 3*p. Let g be x(-4). Suppose -v = -g + 4. Suppose -5*l + v = 10. List the prime factors of l.
2, 7
List the prime factors of (3 - -6) + 1 - -773.
3, 29
Suppose 0 = 4*t - 8 - 24. Suppose -2*g - 2*g - t = 0. Let w = 0 - g. What are the prime factors of w?
2
Let k = 3 + -1. Let o = 142 + -144. Let 